45 + 6?
3b574b
In base 7, what is -52 + -1045460?
-1045542
In base 15, what is 402d - 343?
3bda
In base 4, what is -1012311002220 + -3?
-1012311002223
In base 14, what is 345 - -13435?
1377a
In base 15, what is e793 + 27?
e7ba
In base 9, what is -3042661 - -11?
-3042650
In base 8, what is -47 + -2146253?
-2146322
In base 7, what is 15 - 2160650?
-2160632
In base 16, what is 315357 + b?
315362
In base 4, what is 100213332133122 + 2?
100213332133130
In base 7, what is -30302165045 - -4?
-30302165041
In base 12, what is -52a138a7 - 5?
-52a138b0
In base 14, what is 4534 + 58c?
4ac2
In base 9, what is -233040 - -4?
-233035
In base 15, what is 2 - 1bb23c5?
-1bb23c3
In base 3, what is 1 - -12002220120121011?
12002220120121012
In base 16, what is -113ab + 33ce?
-dfdd
In base 2, what is 10010100000111101101 - -101?
10010100000111110010
In base 13, what is 1 - -531173?
531174
In base 5, what is -3 + -1311203040?
-1311203043
In base 10, what is -195416 + -61?
-195477
In base 11, what is 0 - 211a312?
-211a312
In base 11, what is 386 + -74a78?
-746a2
In base 8, what is 15557 + -22?
15535
In base 2, what is -11111100011010011111000 + 11?
-11111100011010011110101
In base 11, what is 7 - 56a32858?
-56a32851
In base 10, what is -197387 - 343?
-197730
In base 9, what is 4 + -4047633?
-4047628
In base 6, what is -13 + -11453504?
-11453521
In base 5, what is -14014020441 - 10?
-14014021001
In base 9, what is -51281 - 4206?
-55487
In base 9, what is 47023 + -1564?
45348
In base 2, what is -100101001111101010111 - 1001?
-100101001111101100000
In base 13, what is b2 + 5624?
5706
In base 3, what is -11 + 110211020110222022?
110211020110222011
In base 2, what is 1101001000001100000001011 + -11?
1101001000001100000001000
In base 11, what is -81a845 + -6?
-81a850
In base 7, what is -152 - -50660044?
50656562
In base 7, what is -1044 - -10235263?
10234216
In base 15, what is 0 + -7ca44b?
-7ca44b
In base 9, what is -6 + 2303146?
2303140
In base 6, what is -412 + -24315213?
-24320025
In base 16, what is -680 - 342ef?
-3496f
In base 4, what is 1013333 + 30021?
1110020
In base 12, what is 5355895 - 0?
5355895
In base 13, what is -3 - 3440a54?
-3440a57
In base 3, what is -20011220201021 + -120?
-20011220201211
In base 6, what is -2022452412 - 5?
-2022452421
In base 9, what is 2687703 + 3?
2687706
In base 12, what is -5 - ab44a?
-ab453
In base 3, what is 200121212022 - -212102?
200122201201
In base 2, what is 10111111110110111010111111000 - 100?
10111111110110111010111110100
In base 6, what is -322033510 - -1?
-322033505
In base 5, what is 1404033 - -1403?
1410441
In base 7, what is -6 - 66441301?
-66441310
In base 14, what is a712b5 + -8?
a712ab
In base 11, what is -3 + -6982680?
-6982683
In base 8, what is -3006764 + 2?
-3006762
In base 3, what is -12 - 1222010110200?
-1222010110212
In base 3, what is -1012122112021 + -222110?
-1012200111201
In base 10, what is 15 - -2095062?
2095077
In base 11, what is -2 + 65456638?
65456636
In base 15, what is -1ccecd - 5?
-1cced3
In base 12, what is -33 + -41782?
-417b5
In base 12, what is a43a952 - 0?
a43a952
In base 4, what is -30230212031 - 3?
-30230212100
In base 4, what is 122033110322 + -2?
122033110320
In base 4, what is -30332313321 + 202?
-30332313113
In base 8, what is -10153407 - -1?
-10153406
In base 16, what is 3e27 + d002?
10e29
In base 9, what is 23721523 - -15?
23721538
In base 7, what is 3442523 - 1355?
3441135
In base 10, what is -37 - 385764?
-385801
In base 8, what is -330 - 1514011?
-1514341
In base 9, what is -7 + 713385?
713377
In base 7, what is 4404 + -232405?
-225001
In base 16, what is 3328cf - 12?
3328bd
In base 14, what is 49 + 6609d?
66108
In base 14, what is -30b152 + -11?
-30b163
In base 15, what is 3ca0ca - 4?
3ca0c6
In base 6, what is 2140 - 34045020?
-34042440
In base 12, what is 4 + -3919b866?
-3919b862
In base 15, what is -119b - 50c6?
-6272
In base 16, what is -2b09 - -20ad?
-a5c
In base 7, what is -4333120 - -6140?
-4323650
In base 2, what is -100000001101100110101101 - 100?
-100000001101100110110001
In base 12, what is -407 - -89b?
494
In base 11, what is -6a - -1276014?
1275a55
In base 14, what is -d6 + -7540?
-7636
In base 5, what is 202 - 124313004?
-124312302
In base 12, what is -8000 - 1b2?
-81b2
In base 16, what is -47 + c6c1?
c67a
In base 14, what is -4637 - 1c6?
-481d
In base 5, what is 1132444 - 42324?
1040120
In base 14, what is 3 + 173c2027?
173c202a
In base 4, what is -31 + -11122321332?
-11122322023
In base 2, what is -1000101101010 - -101111101110111111?
101110101001010101
In base 15, what is 1a35 + 42d18?
4484d
In base 4, what is 332023233211 + 23?
332023233300
In base 10, what is -536 - 51179?
-51715
In base 6, what is -5051500022 + -20?
-5051500042
In base 11, what is 827 + -50032?
-4a306
In base 16, what is 1 + -7e6b49f?
-7e6b49e
In base 6, what is 5 - 41112032?
-41112023
In base 14, what is d1c + aa45?
b963
In base 9, what is -74 - 125642?
-125726
In base 10, what is -44240 + -476?
-44716
In base 13, what is -9777 + -570c?
-12186
In base 4, what is -2121301223 + 32?
-2121301131
In base 8, what is 233027 - -253?
233302
In base 6, what is -22215 - -1211555?
1145340
In base 10, what is 690507 + 294?
690801
In base 6, what is 200025 - 22255?
133330
In base 5, what is -3031 + 240230400?
240222314
In base 6, what is 5444423 - 31010?
5413413
In base 9, what is 17850 + 227?
18177
In base 3, what is -2222110000220 + -2?
-2222110000222
In base 8, what is -134 - -6301?
6145
In base 12, what is 76165604 - -6?
7616560a
In base 16, what is -7 - 2e611c?
-2e6123
In base 12, what is -82 + 93178a?
931708
In base 14, what is -150 + -57a74?
-57bc4
In base 11, what is 1155 - 90610?
-8a466
In base 6, what is -122 + -24133152?
-24133314
In base 15, what is -3461057 + c?
-346104a
In base 6, what is 433035 - -103?
433142
In base 7, what is -612 - 4232411?
-4233323
In base 10, what is 13798 - -45859?
59657
In base 5, what is 1121141 + 301041?
1422232
In base 9, what is 12262042 - -6?
12262048
In base 12, what is 7b41 + 10b?
8050
In base 15, what is 33 - -1e8a?
1ebd
In base 13, what is -13b06a6 + -3?
-13b06a9
In base 3, what is 12112011 - 102102212?
-12220201
In base 10, what is 2237971 + -4?
2237967
In base 3, what is 212020 - -22010000112?
22010212202
In base 4, what is -12 + -102033021212?
-102033021230
In base 16, what is -2b - -1287243?
1287218
In base 11, what is 13355009 + -8?
13355001
In base 10, what is -199 + -63075?
-63274
In base 4, what is -10131 - -20203222232?
20203212101
In base 8, what is -154 + 301111?
300735
In base 7, what is 1641666165 + -2?
1641666163
In base 13, what is -1454018 + 17?
-1454001
In base 11, what is 21031 + 51?
21082
In base 9, what is -11 - -608?
587
In base 14, what is 327162 + -1?
327161
In base 11, what is -22a2aa3 - -9?
-22a2a95
In base 16, what is 2 - 612ce5?
-612ce3
In base 14, what is -a + -398676a?
-3986776
In base 14, what is 11 + 8dc3c?
8dc4d
In base 3, what is -200 - -221011121021021?
221011121020121
In base 11, what is 659413 + 12?
659425
In base 15, what is 6e0d - -20ea?
9008
In base 3, what is -12 + 102210001210110?
102210001210021
In base 11, what is 5 - 26a0289?
-26a0284
In base 13, what is 5ca4 + 29c?
6273
In base 14, what is 36b91 - 45?
36b4a
In base 4, what is -22 - -3201321103?
3201321021
In base 3, what is 201020100102110 + 12?
201020100102122
In base 2, what is -101111100110 - 101011001?
-110100111111
In base 9, what is -4803651 - -3?
-4803647
In base 12, what is -125 + a4b2?
a389
In base 13, what is -5ac1a + 6c?
-5ab7b
In base 13, what is 19604 - 270?
19364
In base 4, what is -3301 + 12200321213?
12200311312
In base 9, what is -3537 - -100710?
86162
In base 14, what is -19c6728 + -2?
-19c672a
In base 15, what is -11 - -1233149?
1233138
In base 14, what is -50b - 13727?
-13c34
In base 3, what is -2110111212210 + 1?
-2110111212202
In base 15, what is 4a7b91 - 29?
4a7b67
In base 8, what is -4 - 110466261?
-110466265
In base 14, what is 9d3649d - 1?
9d3649c
In base 16, what is -2 + a2e99d?
a2e99b
In base 2, what is 101 - 10000101001110010000000111010?
-10000101001110010000000110101
In base 5, what is -20142104121 - -20?
-20142104101
In base 3, what is -102120011121201200 + 11?
-102120011121201112
In base 5, what is 1113430413 - -2?
1113430420
In